37
Calculate the remainder when 37823015 is divided by 381.
2
Calculate the remainder when 46287 is divided by 9237.
102
What is the remainder when 2648247 is divided by 254?
43
Calculate the remainder when 22732 is divided by 9047.
4638
What is the remainder when 16245221 is divided by 753?
752
What is the remainder when 95301190 is divided by 327?
310
Calculate the remainder when 411343 is divided by 37075.
3518
What is the remainder when 6027831 is divided by 12854?
12159
What is the remainder when 29442825 is divided by 23?
19
Calculate the remainder when 15653910 is divided by 138530.
20
What is the remainder when 631278 is divided by 389?
320
What is the remainder when 861469 is divided by 1103?
26
Calculate the remainder when 11826076 is divided by 2188.
2124
Calculate the remainder when 4499649 is divided by 1581.
123
What is the remainder when 1935070 is divided by 53?
40
What is the remainder when 3252335 is divided by 1936?
1791
Calculate the remainder when 29099 is divided by 2400.
299
What is the remainder when 5121 is divided by 3662?
1459
What is the remainder when 2864153 is divided by 1432062?
29
Calculate the remainder when 651765 is divided by 275.
15
Calculate the remainder when 3155873 is divided by 3155854.
19
Calculate the remainder when 38076090 is divided by 40942.
30
Calculate the remainder when 819746 is divided by 5029.
19
What is the remainder when 2732671 is divided by 86?
21
What is the remainder when 3698753 is divided by 82?
61
Calculate the remainder when 1708779 is divided by 9603.
9048
Calculate the remainder when 31005934 is divided by 563744.
14
Calculate the remainder when 13791713 is divided by 6895850.
13
Calculate the remainder when 43204222 is divided by 7200699.
28
What is the remainder when 142989758 is divided by 2120?
2118
What is the remainder when 3998971 is divided by 278?
219
What is the remainder when 444527 is divided by 109821?
5243
What is the remainder when 16377316 is divided by 172?
164
What is the remainder when 18364179 is divided by 10?
9
Calculate the remainder when 3376461 is divided by 293.
222
What is the remainder when 253607 is divided by 365?
297
What is the remainder when 6506234 is divided by 1840?
1834
What is the remainder when 416495 is divided by 206?
169
What is the remainder when 22061817 is divided by 2757725?
17
What is the remainder when 267888 is divided by 642?
174
Calculate the remainder when 191553007 is divided by 3641.
3638
What is the remainder when 5786106 is divided by 2863?
2846
Calculate the remainder when 282006 is divided by 6714.
18
What is the remainder when 434613 is divided by 58?
19
Calculate the remainder when 923977 is divided by 24314.
45
What is the remainder when 114131783 is divided by 5345?
5343
What is the remainder when 1575759 is divided by 1924?
3
Calculate the remainder when 2661875 is divided by 30952.
3
Calculate the remainder when 14893360 is divided by 3723332.
32
Calculate the remainder when 351085857 is divided by 15.
12
Calculate the remainder when 10157303 is divided by 95.
93
What is the remainder when 5244103 is divided by 58?
33
Calculate the remainder when 5363923 is divided by 76.
71
Calculate the remainder when 3702480 is divided by 675.
105
What is the remainder when 32144 is divided by 10471?
731
What is the remainder when 285391126 is divided by 132?
130
What is the remainder when 3588976 is divided by 4655?
4626
Calculate the remainder when 557759 is divided by 276.
239
What is the remainder when 5419209 is divided by 23?
18
Calculate the remainder when 470102 is divided by 46913.
972
What is the remainder when 146802 is divided by 781?
755
Calculate the remainder when 1590599 is divided by 97.
90
Calculate the remainder when 163008 is divided by 49.
34
What is the remainder when 355072 is divided by 1899?
1858
Calculate the remainder when 28262390 is divided by 1456.
1430
What is the remainder when 7827358 is divided by 538?
534
What is the remainder when 903795 is divided by 560?
515
What is the remainder when 36918738 is divided by 12010?
12008
Calculate the remainder when 1010550 is divided by 505272.
6
Calculate the remainder when 2982294 is divided by 10844.
194
Calculate the remainder when 399279 is divided by 1260.
1119
Calculate the remainder when 5911016 is divided by 1659.
1658
What is the remainder when 8401470 is divided by 11?
0
Calculate the remainder when 141558 is divided by 1522.
12
Calculate the remainder when 499192 is divided by 130.
122
What is the remainder when 1866407 is divided by 10851?
35
Calculate the remainder when 102446 is divided by 25472.
558
What is the remainder when 54356047 is divided by 23389?
11
What is the remainder when 408394 is divided by 541?
480
Calculate the remainder when 759433 is divided by 634.
535
Calculate the remainder when 1399 is divided by 1312.
87
Calculate the remainder when 25227388 is divided by 435.
433
Calculate the remainder when 457669 is divided by 2346.
199
What is the remainder when 392687 is divided by 5608?
127
What is the remainder when 425186 is divided by 32703?
47
Calculate the remainder when 3833234 is divided by 151.
99
Calculate the remainder when 17288031 is divided by 1571639.
2
What is the remainder when 667374364 is divided by 4067?
4066
Calculate the remainder when 42491374 is divided by 5852.
2
Calculate the remainder when 1239182 is divided by 1085.
112
Calculate the remainder when 29312341 is divided by 651385.
16
What is the remainder when 41647538 is divided by 66636?
38
Calculate the remainder when 310295 is divided by 1592.
1447
Calculate the remainder when 1148325 is divided by 20.
5
What is the remainder when 17771042 is divided by 174?
74
What is the remainder when 76658 is divided by 4095?
2948
What is the remainder when 72003 is divided by 237?
192
What is the remainder when 6523 is divided by 392?
251
Calculate the remainder when 7221666 is divided by 424801.
49
Calculate the remainder when 68097805 is divided by 129.
124
What is the remainder when 52753 is divided by 7504?
225
What is the remainder when 58496 is divided by 6482?
158
What is the remainder when 884502 is divided by 159?
144
What is the remainder when 398165 is divided by 78?
53
Calculate the remainder when 14520367 is divided by 143.
4
Calculate the remainder when 82954 is divided by 27628.
70
Calculate the remainder when 256917 is divided by 85477.
486
Calculate the remainder when 35206318 is divided by 12.
10
What is the remainder when 1846769 is divided by 615527?
188
Calculate the remainder when 17665323 is divided by 365.
53
What is the remainder when 9598825 is divided by 10883?
19
Calculate the remainder when 8532257 is divided by 44.
41
What is the remainder when 322992 is divided by 21516?
252
What is the remainder when 796911 is divided by 7811?
189
Calculate the remainder when 1327217 is divided by 45760.
177
Calculate the remainder when 1879144 is divided by 375688.
704
Calculate the remainder when 2316096 is divided by 17546.
24
What is the remainder when 51786 is divided by 13?
7
Calculate the remainder when 3320407 is divided by 20883.
10
What is the remainder when 103839176 is divided by 13?
12
Calculate the remainder when 14075911 is divided by 50.
11
What is the remainder when 2952488 is divided by 9711?
344
Calculate the remainder when 5650977 is divided by 250.
227
Calculate the remainder when 308463 is divided by 77081.
139
What is the remainder when 3360096 is divided by 1413?
1395
What is the remainder when 17554237 is divided by 100886?
73
Calculate the remainder when 29198670 is divided by 38.
2
Calculate the remainder when 6981712 is divided by 117.
88
Calculate the remainder when 4580642 is divided by 1145147.
54
Calculate the remainder when 506067 is divided by 38927.
16
What is the remainder when 4255589 is divided by 23?
14
What is the remainder when 288610 is divided by 28857?
40
Calculate the remainder when 458309798 is divided by 1233.
1232
Calculate the remainder when 134995 is divided by 3262.
1253
Calculate the remainder when 1795657 is divided by 598500.
157
Calculate the remainder when 31973273 is divided by 76.
73
What is the remainder when 166588 is divided by 2282?
2
Calculate the remainder when 5934286 is divided 